{"id":1004,"date":"2024-08-13T12:04:08","date_gmt":"2024-08-13T12:04:08","guid":{"rendered":"https:\/\/megatedarikcim.com\/megatr\/?post_type=product&#038;p=1004"},"modified":"2024-08-15T06:56:14","modified_gmt":"2024-08-15T06:56:14","slug":"ozge-menu-box-3-bolmeli","status":"publish","type":"product","link":"https:\/\/megatedarikcim.com\/megatr\/urun\/ozge-menu-box-3-bolmeli\/","title":{"rendered":"MENU BOX 3 B\u00d6LMEL\u0130"},"content":{"rendered":"<p> koli i\u00e7i adet: 450 <\/p>\n<p> koli \u00f6l\u00e7\u00fcleri : 50x40x44 <\/p>\n<p> \u00fcr\u00fcn \u00f6l\u00e7\u00fcleri : 243x208x70 <\/p>\n<p> kapak: ayr\u0131 olarak var <\/p>\n","protected":false},"excerpt":{"rendered":"<p>koli i\u00e7i adet: 450 koli \u00f6l\u00e7\u00fcleri : 50x40x44 \u00fcr\u00fcn \u00f6l\u00e7\u00fcleri : 243x208x70 kapak: ayr\u0131 olarak var<\/p>\n","protected":false},"featured_media":1005,"comment_status":"open","ping_status":"closed","template":"","meta":[],"product_brand":[],"product_cat":[44],"product_tag":[279],"class_list":{"0":"post-1004","1":"product","2":"type-product","3":"status-publish","4":"has-post-thumbnail","6":"product_cat-02-sicakyemek","7":"product_tag-menu-box-3-bolmeli","9":"first","10":"instock","11":"taxable","12":"shipping-taxable","13":"product-type-simple"},"_links":{"self":[{"href":"https:\/\/megatedarikcim.com\/megatr\/wp-json\/wp\/v2\/product\/1004"}],"collection":[{"href":"https:\/\/megatedarikcim.com\/megatr\/wp-json\/wp\/v2\/product"}],"about":[{"href":"https:\/\/megatedarikcim.com\/megatr\/wp-json\/wp\/v2\/types\/product"}],"replies":[{"embeddable":true,"href":"https:\/\/megatedarikcim.com\/megatr\/wp-json\/wp\/v2\/comments?post=1004"}],"wp:featuredmedia":[{"embeddable":true,"href":"https:\/\/megatedarikcim.com\/megatr\/wp-json\/wp\/v2\/media\/1005"}],"wp:attachment":[{"href":"https:\/\/megatedarikcim.com\/megatr\/wp-json\/wp\/v2\/media?parent=1004"}],"wp:term":[{"taxonomy":"product_brand","embeddable":true,"href":"https:\/\/megatedarikcim.com\/megatr\/wp-json\/wp\/v2\/product_brand?post=1004"},{"taxonomy":"product_cat","embeddable":true,"href":"https:\/\/megatedarikcim.com\/megatr\/wp-json\/wp\/v2\/product_cat?post=1004"},{"taxonomy":"product_tag","embeddable":true,"href":"https:\/\/megatedarikcim.com\/megatr\/wp-json\/wp\/v2\/product_tag?post=1004"}],"curies":[{"name":"wp","href":"https:\/\/api.w.org\/{rel}","templated":true}]}}