{"id":1567,"date":"2024-08-29T14:15:44","date_gmt":"2024-08-29T14:15:44","guid":{"rendered":"https:\/\/megatedarikcim.com\/megatr\/?post_type=product&#038;p=1567"},"modified":"2024-08-29T14:15:44","modified_gmt":"2024-08-29T14:15:44","slug":"on-1063-diamond-dikdortgen","status":"publish","type":"product","link":"https:\/\/megatedarikcim.com\/megatr\/urun\/on-1063-diamond-dikdortgen\/","title":{"rendered":"ON 1063 &#8211; Diamond Dikd\u00f6rtgen"},"content":{"rendered":"<p> \u00fcr\u00fcn hacmi : 1500cc <\/p>\n<p> koli i\u00e7i adet : 100 <\/p>\n<p> koli boyutlar\u0131 : 795x395x350<\/p>\n<p> \u00fcr\u00fcn boyutu : 250x186x41 <\/p>\n","protected":false},"excerpt":{"rendered":"<p>\u00fcr\u00fcn hacmi : 1500cc koli i\u00e7i adet : 100 koli boyutlar\u0131 : 795x395x350 \u00fcr\u00fcn boyutu : 250x186x41<\/p>\n","protected":false},"featured_media":1568,"comment_status":"open","ping_status":"closed","template":"","meta":[],"product_brand":[],"product_cat":[15],"product_tag":[458],"class_list":{"0":"post-1567","1":"product","2":"type-product","3":"status-publish","4":"has-post-thumbnail","6":"product_cat-genel","7":"product_tag-on-1063-diamond-dikdortgen","9":"first","10":"instock","11":"taxable","12":"shipping-taxable","13":"product-type-simple"},"_links":{"self":[{"href":"https:\/\/megatedarikcim.com\/megatr\/wp-json\/wp\/v2\/product\/1567"}],"collection":[{"href":"https:\/\/megatedarikcim.com\/megatr\/wp-json\/wp\/v2\/product"}],"about":[{"href":"https:\/\/megatedarikcim.com\/megatr\/wp-json\/wp\/v2\/types\/product"}],"replies":[{"embeddable":true,"href":"https:\/\/megatedarikcim.com\/megatr\/wp-json\/wp\/v2\/comments?post=1567"}],"wp:featuredmedia":[{"embeddable":true,"href":"https:\/\/megatedarikcim.com\/megatr\/wp-json\/wp\/v2\/media\/1568"}],"wp:attachment":[{"href":"https:\/\/megatedarikcim.com\/megatr\/wp-json\/wp\/v2\/media?parent=1567"}],"wp:term":[{"taxonomy":"product_brand","embeddable":true,"href":"https:\/\/megatedarikcim.com\/megatr\/wp-json\/wp\/v2\/product_brand?post=1567"},{"taxonomy":"product_cat","embeddable":true,"href":"https:\/\/megatedarikcim.com\/megatr\/wp-json\/wp\/v2\/product_cat?post=1567"},{"taxonomy":"product_tag","embeddable":true,"href":"https:\/\/megatedarikcim.com\/megatr\/wp-json\/wp\/v2\/product_tag?post=1567"}],"curies":[{"name":"wp","href":"https:\/\/api.w.org\/{rel}","templated":true}]}}